{"id":11,"date":"2022-09-07T07:05:05","date_gmt":"2022-09-07T07:05:05","guid":{"rendered":"http:\/\/autovio.themetechmount.net\/layout5\/?page_id=11"},"modified":"2023-12-13T11:39:41","modified_gmt":"2023-12-13T10:39:41","slug":"home","status":"publish","type":"page","link":"https:\/\/ampmain.hgdevs.org\/","title":{"rendered":"Home"},"content":{"rendered":"<p>[vc_row][vc_column][vc_column_text]<\/p>\n<h1 style=\"text-align: center;\"><strong>AMP Lift GmbH: &#8222;Wir setzen neue Ma\u00dfst\u00e4be f\u00fcr Ihren Aufzug!&#8220;<\/strong><\/h1>\n<p>[\/vc_column_text][vc_separator style=&#8220;double&#8220;][vc_column_text]<\/p>\n<p style=\"text-align: center;\">Die AMP Lift GmbH hat ihren Sitz in der B\u00fcrgermeister-M\u00fcller-Stra\u00dfe 2b, 86663 Asbach-B\u00e4umenheim, und wurde im Mai 2021 gegr\u00fcndet.<br \/>\nUnser Hauptgesch\u00e4ftsfeld konzentriert sich auf den Vertrieb von Aufzugteilen und Zubeh\u00f6r sowie die Vermittlung kompletter Aufzugsanlagen f\u00fcr Um- und Neubauten.<br \/>\nWir sind ebenfalls spezialisiert auf die Modernisierung und Umr\u00fcstung bestehender Aufz\u00fcge, um deren Effizienz und Sicherheit zu verbessern.<br \/>\nEbenso bieten wir umfassende Wartungs- und Servicedienstleistungen f\u00fcr Aufzugsanlagen an.[\/vc_column_text][\/vc_column][\/vc_row][vc_row tm_bgcolor=&#8220;grey&#8220; tm_bgimagefixed=&#8220;&#8220; full_width=&#8220;stretch_row&#8220; tm_responsive_css=&#8220;23225806|colbreak_no|||||||||colbreak_no|||||0px||30px||colbreak_no||||||||||colbreak_no|||||||||&#8220; css=&#8220;.vc_custom_1693591683238{padding-top: 0px !important;}&#8220;][vc_column][vc_row_inner el_class=&#8220;tm-res-991&#8243; css=&#8220;.vc_custom_1663061276457{padding-top: 15px !important;padding-bottom: 20px !important;}&#8220;][vc_column_inner width=&#8220;1\/4&#8243;]<div class=\"themetechmount-iconbox themetechmount-iconbox-styletwo \">\n\t<div class=\"themetechmount-iconbox-inner\">\n\t\t<div class=\"tm-iconbox-wrapper\">\n\t\t\t<div class=\"themetechmount-iconbox-icon\">\n\t\t\t\t\t\t\t\t\t<img decoding=\"async\" src=\"https:\/\/ampmain.hgdevs.org\/wp-content\/uploads\/2022\/09\/service-img-01.jpg\" class=\"tm-iconbox-image\" alt=\"icon-img\" \/>\n\t\t\t\t\t\n\t\t\t<\/div>\t\t\t\n\t\t\t<div class=\"themetechmount-iconbox-heading\">\n\t\t\t\t<div class=\"tm-vc_general tm-vc_cta3 tm-cta3-only tm-vc_cta3-style-classic tm-vc_cta3-shape-rounded tm-vc_cta3-align-left tm-vc_cta3-color-transparent tm-vc_cta3-icon-size-md tm-vc_cta3-actions-no tm-cta3-without-desc\"><div class=\"tm-vc_cta3_content-container\"><div class=\"tm-vc_cta3-content\"><div class=\"tm-vc_cta3-headers tm-wrap-cell\"><h2 class=\"tm-custom-heading \">Vertrieb von Aufzugteilen und Zubeh\u00f6r<\/h2>\n<\/div><div class=\"heading-seperator\"><span><\/span><\/div><\/div><\/div><\/div>\t\t\t\t\t<div class=\"tm-iconbox-boxcontent\">\t\t\t\n\t\t\t\t\t<div class=\"tm-cta3-content-wrapper\">Wir bieten eine breite Palette von Aufzugskomponenten und Zubeh\u00f6rteilen an, um sicherzustellen, dass Ihre Aufzugsanlagen reibungslos funktionieren.<\/div>\t\t\t\t\t<\/div>\n\t\t\t\t\t<div class=\"themetechmount-iconbox-button\">\n\t\t\t\t\t\n\t\t\t\t\t<a href=\"https:\/\/ampmain.hgdevs.org\/index.php\/vertrieb-von-aufzugteilen-und-zubehoer\/\" rel=\"bookmark\">Read More<\/a>\n\t\t\t\t\t<\/div>\n\t\t\t<\/div>\n\t\t\t\n\t\t<\/div>\n\t<\/div>\t\n<\/div>\n[\/vc_column_inner][vc_column_inner width=&#8220;1\/4&#8243; tm_responsive_css=&#8220;62844506|colbreak_no|||||||||colbreak_no|||||||||colbreak_no|||||||||600|colbreak_no|||||30px||||&#8220;]<div class=\"themetechmount-iconbox themetechmount-iconbox-styletwo \">\n\t<div class=\"themetechmount-iconbox-inner\">\n\t\t<div class=\"tm-iconbox-wrapper\">\n\t\t\t<div class=\"themetechmount-iconbox-icon\">\n\t\t\t\t\t\t\t\t\t<img decoding=\"async\" src=\"https:\/\/ampmain.hgdevs.org\/wp-content\/uploads\/2022\/09\/service-img-02.png\" class=\"tm-iconbox-image\" alt=\"icon-img\" \/>\n\t\t\t\t\t\n\t\t\t<\/div>\t\t\t\n\t\t\t<div class=\"themetechmount-iconbox-heading\">\n\t\t\t\t<div class=\"tm-vc_general tm-vc_cta3 tm-cta3-only tm-vc_cta3-style-classic tm-vc_cta3-shape-rounded tm-vc_cta3-align-left tm-vc_cta3-color-transparent tm-vc_cta3-icon-size-md tm-vc_cta3-actions-no tm-cta3-without-desc\"><div class=\"tm-vc_cta3_content-container\"><div class=\"tm-vc_cta3-content\"><div class=\"tm-vc_cta3-headers tm-wrap-cell\"><h2 class=\"tm-custom-heading \">Vermittlung kompletter Aufzugsanlagen<\/h2>\n<\/div><div class=\"heading-seperator\"><span><\/span><\/div><\/div><\/div><\/div>\t\t\t\t\t<div class=\"tm-iconbox-boxcontent\">\t\t\t\n\t\t\t\t\t<div class=\"tm-cta3-content-wrapper\">Unser Expertenteam steht Ihnen bei der Planung und Vermittlung ma\u00dfgeschneiderter Aufzugsanlagen f\u00fcr Um- und Neubauten zur Seite.<\/div>\t\t\t\t\t<\/div>\n\t\t\t\t\t<div class=\"themetechmount-iconbox-button\">\n\t\t\t\t\t\n\t\t\t\t\t<a href=\"https:\/\/ampmain.hgdevs.org\/index.php\/vermittlung-kompletter-aufzugsanlagen\/\" rel=\"bookmark\">Read More<\/a>\n\t\t\t\t\t<\/div>\n\t\t\t<\/div>\n\t\t\t\n\t\t<\/div>\n\t<\/div>\t\n<\/div>\n[\/vc_column_inner][vc_column_inner width=&#8220;1\/4&#8243; tm_responsive_css=&#8220;87965672|colbreak_no|||||||||colbreak_no|||||30px||||colbreak_no|||||0px|||||colbreak_no|||||||||&#8220;]<div class=\"themetechmount-iconbox themetechmount-iconbox-styletwo \">\n\t<div class=\"themetechmount-iconbox-inner\">\n\t\t<div class=\"tm-iconbox-wrapper\">\n\t\t\t<div class=\"themetechmount-iconbox-icon\">\n\t\t\t\t\t\t\t\t\t<img decoding=\"async\" src=\"https:\/\/ampmain.hgdevs.org\/wp-content\/uploads\/2022\/09\/service-img-03.jpg\" class=\"tm-iconbox-image\" alt=\"icon-img\" \/>\n\t\t\t\t\t\n\t\t\t<\/div>\t\t\t\n\t\t\t<div class=\"themetechmount-iconbox-heading\">\n\t\t\t\t<div class=\"tm-vc_general tm-vc_cta3 tm-cta3-only tm-vc_cta3-style-classic tm-vc_cta3-shape-rounded tm-vc_cta3-align-left tm-vc_cta3-color-transparent tm-vc_cta3-icon-size-md tm-vc_cta3-actions-no tm-cta3-without-desc\"><div class=\"tm-vc_cta3_content-container\"><div class=\"tm-vc_cta3-content\"><div class=\"tm-vc_cta3-headers tm-wrap-cell\"><h2 class=\"tm-custom-heading \">Modernisierung und Umr\u00fcstung von Aufz\u00fcgen<\/h2>\n<\/div><div class=\"heading-seperator\"><span><\/span><\/div><\/div><\/div><\/div>\t\t\t\t\t<div class=\"tm-iconbox-boxcontent\">\t\t\t\n\t\t\t\t\t<div class=\"tm-cta3-content-wrapper\">Wir sind darauf spezialisiert, bestehende Aufz\u00fcge zu modernisieren und umzur\u00fcsten, um ihre Leistung, Effizienz und Sicherheit zu steigern.<\/div>\t\t\t\t\t<\/div>\n\t\t\t\t\t<div class=\"themetechmount-iconbox-button\">\n\t\t\t\t\t\n\t\t\t\t\t<a href=\"https:\/\/ampmain.hgdevs.org\/index.php\/modernisierung-und-umruestung-von-aufzuegen\/\" rel=\"bookmark\">Read More<\/a>\n\t\t\t\t\t<\/div>\n\t\t\t<\/div>\n\t\t\t\n\t\t<\/div>\n\t<\/div>\t\n<\/div>\n[\/vc_column_inner][vc_column_inner width=&#8220;1\/4&#8243;]<div class=\"themetechmount-iconbox themetechmount-iconbox-styletwo \">\n\t<div class=\"themetechmount-iconbox-inner\">\n\t\t<div class=\"tm-iconbox-wrapper\">\n\t\t\t<div class=\"themetechmount-iconbox-icon\">\n\t\t\t\t\t\t\t\t\t<img decoding=\"async\" src=\"https:\/\/ampmain.hgdevs.org\/wp-content\/uploads\/2022\/09\/service-img-01.jpg\" class=\"tm-iconbox-image\" alt=\"icon-img\" \/>\n\t\t\t\t\t\n\t\t\t<\/div>\t\t\t\n\t\t\t<div class=\"themetechmount-iconbox-heading\">\n\t\t\t\t<div class=\"tm-vc_general tm-vc_cta3 tm-cta3-only tm-vc_cta3-style-classic tm-vc_cta3-shape-rounded tm-vc_cta3-align-left tm-vc_cta3-color-transparent tm-vc_cta3-icon-size-md tm-vc_cta3-actions-no tm-cta3-without-desc\"><div class=\"tm-vc_cta3_content-container\"><div class=\"tm-vc_cta3-content\"><div class=\"tm-vc_cta3-headers tm-wrap-cell\"><h2 class=\"tm-custom-heading \">Wartung und Service<\/h2>\n<\/div><div class=\"heading-seperator\"><span><\/span><\/div><\/div><\/div><\/div>\t\t\t\t\t<div class=\"tm-iconbox-boxcontent\">\t\t\t\n\t\t\t\t\t<div class=\"tm-cta3-content-wrapper\">Wir bieten umfassende Wartungs- und Servicedienstleistungen f\u00fcr Aufzugsanlagen an, um sicherzustellen, dass Ihre Anlagen immer in bestem Zustand sind.<\/div>\t\t\t\t\t<\/div>\n\t\t\t\t\t<div class=\"themetechmount-iconbox-button\">\n\t\t\t\t\t\n\t\t\t\t\t<a href=\"https:\/\/ampmain.hgdevs.org\/index.php\/wartung-und-service\/\" rel=\"bookmark\">Read More<\/a>\n\t\t\t\t\t<\/div>\n\t\t\t<\/div>\n\t\t\t\n\t\t<\/div>\n\t<\/div>\t\n<\/div>\n[\/vc_column_inner][\/vc_row_inner][\/vc_column][\/vc_row][vc_row][vc_column width=&#8220;1\/2&#8243;][vc_gmaps link=&#8220;#E-8_JTNDaWZyYW1lJTIwd2lkdGglM0QlMjI1MDAlMjIlMjBoZWlnaHQlM0QlMjI0NTAlMjIlMjBzcmMlM0QlMjJodHRwcyUzQSUyRiUyRnd3dy5vcGVuc3RyZWV0bWFwLm9yZyUyRmV4cG9ydCUyRmVtYmVkLmh0bWwlM0ZiYm94JTNEMTAuODIxNjA4MzA0OTc3NDE5JTI1MkM0OC42NzI3NDMxMzY3OTAzMjQlMjUyQzEwLjgyNTAzODg1MDMwNzQ2NSUyNTJDNDguNjc0MzA4ODcxNjcxMDclMjZhbXAlM0JsYXllciUzRG1hcG5payUyNmFtcCUzQm1hcmtlciUzRDQ4LjY3MzUyNjAxMDMxMjk4JTI1MkMxMC44MjMzMjM1Nzc2NDI0NCUyMiUyMHN0eWxlJTNEJTIyYm9yZGVyJTNBJTIwMXB4JTIwc29saWQlMjBibGFjayUyMiUzRSUzQyUyRmlmcmFtZSUzRSUzQ2JyJTJGJTNFJTNDc21hbGwlM0UlM0NhJTIwaHJlZiUzRCUyMmh0dHBzJTNBJTJGJTJGd3d3Lm9wZW5zdHJlZXRtYXAub3JnJTJGJTNGbWxhdCUzRDQ4LjY3MzUzJTI2YW1wJTNCbWxvbiUzRDEwLjgyMzMyJTIzbWFwJTNEMTklMkY0OC42NzM1MyUyRjEwLjgyMzMyJTIyJTNFR3IlQzMlQjYlQzMlOUZlcmUlMjBLYXJ0ZSUyMGFuemVpZ2VuJTNDJTJGYSUzRSUzQyUyRnNtYWxsJTNF&#8220;][\/vc_column][vc_column width=&#8220;1\/2&#8243;][vc_column_text]<\/p>\n<h2>Kontaktieren Sie uns:<\/h2>\n<h4>AMP Lift GmbH<\/h4>\n<p>B\u00fcrgermeister-M\u00fcller-Stra\u00dfe 2b<br \/>\n86663 Asbach-B\u00e4umenheim<\/p>\n<p>Telefon: 090697643920<br \/>\nE-Mail: service@amp-lift-gmbh.de<\/p>\n<div id=\"gtx-trans\" style=\"position: absolute; left: -22px; top: 272.438px;\">\n<div class=\"gtx-trans-icon\"><\/div>\n<\/div>\n<p>[\/vc_column_text][vc_btn title=&#8220;Kontakt Formular&#8220; align=&#8220;center&#8220; link=&#8220;url:https%3A%2F%2Fampmain.hgdevs.org%2Findex.php%2Fkontakt%2F|title:Kontakt&#8220;][\/vc_column][\/vc_row][vc_row tm_bgimagefixed=&#8220;&#8220; disable_element=&#8220;yes&#8220;][vc_column][vc_column_text]<pre class=\"ti-widget\"><template id=\"trustindex-google-widget-html\"><div class=\" ti-widget  ti-goog ti-no-profile-img ti-show-rating-text ti-review-text-mode-readmore ti-text-align-left\" data-no-translation=\"true\" data-plugin-version=\"13.2.9\" data-layout-id=\"34\" data-layout-category=\"slider\" data-set-id=\"ligth-border\" data-pid=\"\" data-language=\"de\" data-close-locale=\"Schlie\u00dfen\" data-review-target-width=\"300\" data-css-version=\"2\" data-reply-by-locale=\"Antwort des Eigent\u00fcmers\" data-only-rating-locale=\"Dieser Nutzer hat lediglich eine Bewertung abgegeben.\" data-pager-autoplay-timeout=\"6\"> <div class=\"ti-widget-container ti-col-3\"> <div class=\"ti-header ti-header-grid source-Google\"> <div class=\"ti-fade-container\"> <div class=\"ti-rating-text\"> <strong class=\"ti-rating ti-rating-large\"> AUSGEZEICHNET <\/strong> <\/div> <span class=\"ti-stars star-lg\"><trustindex-image class=\"ti-star\" data-imgurl=\"https:\/\/cdn.trustindex.io\/assets\/platform\/Google\/star\/f.svg\" alt=\"Google star 1\" width=\"17\" height=\"17\" loading=\"lazy\"><\/trustindex-image><trustindex-image class=\"ti-star\" data-imgurl=\"https:\/\/cdn.trustindex.io\/assets\/platform\/Google\/star\/f.svg\" alt=\"Google star 2\" width=\"17\" height=\"17\" loading=\"lazy\"><\/trustindex-image><trustindex-image class=\"ti-star\" data-imgurl=\"https:\/\/cdn.trustindex.io\/assets\/platform\/Google\/star\/f.svg\" alt=\"Google star 3\" width=\"17\" height=\"17\" loading=\"lazy\"><\/trustindex-image><trustindex-image class=\"ti-star\" data-imgurl=\"https:\/\/cdn.trustindex.io\/assets\/platform\/Google\/star\/f.svg\" alt=\"Google star 4\" width=\"17\" height=\"17\" loading=\"lazy\"><\/trustindex-image><trustindex-image class=\"ti-star\" data-imgurl=\"https:\/\/cdn.trustindex.io\/assets\/platform\/Google\/star\/f.svg\" alt=\"Google star 5\" width=\"17\" height=\"17\" loading=\"lazy\"><\/trustindex-image><\/span> <div class=\"ti-rating-text\"> <span class=\"nowrap\">Basierend auf <strong>1 Bewertungen<\/strong><\/span> <\/div> <div class=\"ti-large-logo\"> <div class=\"ti-v-center\"> <trustindex-image class=\"ti-logo-fb\" data-imgurl=\"https:\/\/cdn.trustindex.io\/assets\/platform\/Google\/logo.svg\" width=\"150\" height=\"25\" loading=\"lazy\" alt=\"Google\"><\/trustindex-image> <\/div> <\/div> <\/div> <\/div> <div class=\"ti-reviews-container\"> <div class=\"ti-controls\"> <div class=\"ti-next\" aria-label=\"N\u00e4chste Bewertung\" role=\"button\" tabindex=\"0\"><\/div> <div class=\"ti-prev\" aria-label=\"Vorherige Bewertung\" role=\"button\" tabindex=\"0\"><\/div> <\/div> <div class=\"ti-reviews-container-wrapper\">  <div data-empty=\"1\" class=\"ti-review-item source-Google ti-image-layout-thumbnail\" data-id=\"cfcd208495d565ef66e7dff9f98764da\"> <div class=\"ti-inner\"> <div class=\"ti-review-header\"> <div class=\"ti-platform-icon ti-with-tooltip\"> <span class=\"ti-tooltip\">Gepostet auf <\/span> <trustindex-image data-imgurl=\"https:\/\/cdn.trustindex.io\/assets\/platform\/Google\/icon.svg\" alt=\"\" width=\"20\" height=\"20\" loading=\"lazy\"><\/trustindex-image> <\/div>  <div class=\"ti-profile-details\"> <div class=\"ti-name\"> Florian Parchatka (BlackBott) <\/div> <div class=\"ti-date\">5. August, 2023<\/div> <\/div> <\/div> <span class=\"ti-stars\"><trustindex-image class=\"ti-star\" data-imgurl=\"https:\/\/cdn.trustindex.io\/assets\/platform\/Google\/star\/f.svg\" alt=\"Google star 1\" width=\"17\" height=\"17\" loading=\"lazy\"><\/trustindex-image><trustindex-image class=\"ti-star\" data-imgurl=\"https:\/\/cdn.trustindex.io\/assets\/platform\/Google\/star\/f.svg\" alt=\"Google star 2\" width=\"17\" height=\"17\" loading=\"lazy\"><\/trustindex-image><trustindex-image class=\"ti-star\" data-imgurl=\"https:\/\/cdn.trustindex.io\/assets\/platform\/Google\/star\/f.svg\" alt=\"Google star 3\" width=\"17\" height=\"17\" loading=\"lazy\"><\/trustindex-image><trustindex-image class=\"ti-star\" data-imgurl=\"https:\/\/cdn.trustindex.io\/assets\/platform\/Google\/star\/f.svg\" alt=\"Google star 4\" width=\"17\" height=\"17\" loading=\"lazy\"><\/trustindex-image><trustindex-image class=\"ti-star\" data-imgurl=\"https:\/\/cdn.trustindex.io\/assets\/platform\/Google\/star\/f.svg\" alt=\"Google star 5\" width=\"17\" height=\"17\" loading=\"lazy\"><\/trustindex-image><\/span> <div class=\"ti-review-text-container ti-review-content\"><!-- R-CONTENT --><!-- R-CONTENT --><\/div> <span class=\"ti-read-more\" data-container=\".ti-review-content\" data-collapse-text=\"Ausblenden\" data-open-text=\"Weiterlesen\"><\/span> <\/div> <\/div>  <\/div> <div class=\"ti-controls-line\"> <div class=\"dot\"><\/div> <\/div> <\/div>   <\/div> <\/div> <\/template><\/pre><div data-src=\"https:\/\/cdn.trustindex.io\/loader.js?wp-widget\" data-template-id=\"trustindex-google-widget-html\" data-css-url=\"https:\/\/ampmain.hgdevs.org\/wp-content\/uploads\/trustindex-google-widget.css?1776186032\"><\/div>[\/vc_column_text][\/vc_column][\/vc_row]<\/p>\n","protected":false},"excerpt":{"rendered":"<p>[vc_row][vc_column][vc_column_text] AMP Lift GmbH: &#8222;Wir setzen neue Ma\u00dfst\u00e4be f\u00fcr Ihren Aufzug!&#8220; [\/vc_column_text][vc_separator style=&#8220;double&#8220;][vc_column_text] Die AMP Lift GmbH hat ihren Sitz in der B\u00fcrgermeister-M\u00fcller-Stra\u00dfe 2b, 86663 Asbach-B\u00e4umenheim, und wurde im Mai 2021 gegr\u00fcndet. Unser Hauptgesch\u00e4ftsfeld konzentriert sich auf den Vertrieb von Aufzugteilen und Zubeh\u00f6r sowie die Vermittlung kompletter Aufzugsanlagen f\u00fcr Um- und Neubauten. Wir sind ebenfalls &hellip; <a href=\"https:\/\/ampmain.hgdevs.org\/\" class=\"more-link\">Continue reading <span class=\"screen-reader-text\">Home<\/span><\/a><\/p>\n","protected":false},"author":1,"featured_media":0,"parent":0,"menu_order":0,"comment_status":"closed","ping_status":"closed","template":"","meta":{"footnotes":""},"class_list":["post-11","page","type-page","status-publish","hentry"],"_links":{"self":[{"href":"https:\/\/ampmain.hgdevs.org\/index.php\/wp-json\/wp\/v2\/pages\/11","targetHints":{"allow":["GET"]}}],"collection":[{"href":"https:\/\/ampmain.hgdevs.org\/index.php\/wp-json\/wp\/v2\/pages"}],"about":[{"href":"https:\/\/ampmain.hgdevs.org\/index.php\/wp-json\/wp\/v2\/types\/page"}],"author":[{"embeddable":true,"href":"https:\/\/ampmain.hgdevs.org\/index.php\/wp-json\/wp\/v2\/users\/1"}],"replies":[{"embeddable":true,"href":"https:\/\/ampmain.hgdevs.org\/index.php\/wp-json\/wp\/v2\/comments?post=11"}],"version-history":[{"count":16,"href":"https:\/\/ampmain.hgdevs.org\/index.php\/wp-json\/wp\/v2\/pages\/11\/revisions"}],"predecessor-version":[{"id":3156,"href":"https:\/\/ampmain.hgdevs.org\/index.php\/wp-json\/wp\/v2\/pages\/11\/revisions\/3156"}],"wp:attachment":[{"href":"https:\/\/ampmain.hgdevs.org\/index.php\/wp-json\/wp\/v2\/media?parent=11"}],"curies":[{"name":"wp","href":"https:\/\/api.w.org\/{rel}","templated":true}]}}